
2, 3, 17, 389
What are the prime factors of 236388?
2, 3, 19699
List the prime factors of 2756097.
3, 373, 821
What are the prime factors of 1481426?
2, 740713
What are the prime factors of 31996?
2, 19, 421
List the prime factors of 301014.
2, 3, 7, 2389
List the prime factors of 17248709.
59, 292351
What are the prime factors of 38443560?
2, 3, 5, 29, 11047
What are the prime factors of 2767097?
101, 27397
List the prime factors of 1149225.
3, 5, 7, 11, 199
List the prime factors of 3926707.
3926707
List the prime factors of 14078864.
2, 103, 8543
List the prime factors of 219049.
53, 4133
List the prime factors of 742272.
2, 3, 1933
List the prime factors of 11751204.
2, 3, 89, 11003
List the prime factors of 198935.
5, 11, 3617
What are the prime factors of 211915?
5, 11, 3853
What are the prime factors of 3337869?
3, 1112623
List the prime factors of 17245.
5, 3449
List the prime factors of 23316872.
2, 113, 25793
List the prime factors of 1711676.
2, 427919
List the prime factors of 8868372.
2, 3, 739031
List the prime factors of 1117609.
1117609
List the prime factors of 850333.
11, 23, 3361
What are the prime factors of 744873?
3, 248291
List the prime factors of 530608.
2, 13, 2551
List the prime factors of 920826.
2, 3, 51157
What are the prime factors of 18645416?
2, 59, 39503
What are the prime factors of 975329?
59, 61, 271
What are the prime factors of 153314?
2, 7, 47, 233
What are the prime factors of 2625535?
5, 11, 47737
List the prime factors of 1273029.
3, 424343
List the prime factors of 257682.
2, 3, 67, 641
List the prime factors of 2472350.
2, 5, 197, 251
What are the prime factors of 893428?
2, 401, 557
List the prime factors of 338803.
338803
List the prime factors of 4468942.
2, 2234471
What are the prime factors of 1255460?
2, 5, 62773
List the prime factors of 141000.
2, 3, 5, 47
List the prime factors of 2197557.
3, 199, 409
List the prime factors of 947245.
5, 13, 19, 59
What are the prime factors of 264549?
3, 163, 541
List the prime factors of 2970721.
13, 228517
List the prime factors of 19294499.
7, 2756357
List the prime factors of 2376324.
2, 3, 22003
List the prime factors of 28997.
107, 271
What are the prime factors of 28894318?
2, 14447159
What are the prime factors of 284086?
2, 11, 37, 349
List the prime factors of 113271.
3, 17, 2221
What are the prime factors of 6566880?
2, 3, 5, 13681
List the prime factors of 178334.
2, 13, 19
List the prime factors of 6529063.
613, 10651
List the prime factors of 173265.
3, 5, 11551
What are the prime factors of 15667447?
15667447
List the prime factors of 163735.
5, 11, 13, 229
List the prime factors of 389997.
3, 17, 2549
List the prime factors of 10088019.
3, 241, 4651
What are the prime factors of 261004?
2, 23, 2837
List the prime factors of 121126.
2, 71, 853
List the prime factors of 1040121.
3, 12841
What are the prime factors of 46755?
3, 5, 1039
List the prime factors of 3789703.
3789703
List the prime factors of 77417.
77417
What are the prime factors of 2476839?
3, 825613
What are the prime factors of 7809758?
2, 11, 29, 12241
List the prime factors of 3543557.
19, 421, 443
What are the prime factors of 834499?
19, 167, 263
What are the prime factors of 2315234?
2, 103, 11239
What are the prime factors of 60112?
2, 13, 17
List the prime factors of 3608580.
2, 3, 5, 137, 439
List the prime factors of 3416244.
2, 3, 13, 61, 359
List the prime factors of 756480.
2, 3, 5, 197
List the prime factors of 136420.
2, 5, 19, 359
List the prime factors of 1756255.
5, 197, 1783
List the prime factors of 912363.
3, 179, 1699
List the prime factors of 312507.
3, 13, 2671
What are the prime factors of 7444?
2, 1861
What are the prime factors of 631087?
409, 1543
What are the prime factors of 3118098?
2, 3, 519683
List the prime factors of 166336.
2, 23, 113
What are the prime factors of 8232728?
2, 7, 113, 1301
What are the prime factors of 33969118?
2, 31, 547889
What are the prime factors of 702267?
3, 234089
What are the prime factors of 744526?
2, 372263
List the prime factors of 2390801.
7, 341543
List the prime factors of 144936.
2, 3, 11, 61
List the prime factors of 1599910.
2, 5, 13, 31, 397
What are the prime factors of 499763?
11, 45433
List the prime factors of 277454.
2, 138727
List the prime factors of 663504.
2, 3, 23, 601
What are the prime factors of 3716467?
3716467
What are the prime factors of 640728?
2, 3, 11, 809
What are the prime factors of 5701040?
2, 5, 71263
What are the prime factors of 2223390?
2, 3, 5, 13, 5701
List the prime factors of 11212100.
2, 5, 112121
What are the prime factors of 19404695?
5, 383, 10133
What are the prime factors of 12495097?
12495097
List the prime factors of 252876.
2, 3, 13, 1621
What are the prime factors of 1994623?
1994623
What are the prime factors of 68511?
3, 41, 557
List the prime factors of 259924.
2, 7, 9283
List the prime factors of 83556.
2, 3, 11, 211
What are the prime factors of 52395?
3, 5, 7, 499
List the prime factors of 207832.
2, 83, 313
List the prime factors of 84596.
2, 21149
List the prime factors of 1030386.
2, 3, 7, 24533
List the prime factors of 2708635.
5, 541727
List the prime factors of 2437658.
2, 1218829
List the prime factors of 17674161.
3, 19, 43, 7211
List the prime factors of 1787683.
1787683
List the prime factors of 157417.
13, 12109
What are the prime factors of 11651606?
2, 5825803
What are the prime factors of 7315932?
2, 3, 13, 23, 2039
List the prime factors of 384572.
2, 79, 1217
What are the prime factors of 848794?
2, 424397
What are the prime factors of 14726075?
5, 7, 13, 6473
List the prime factors of 211962.
2, 3, 35327
List the prime factors of 1820530.
2, 5, 17, 10709
List the prime factors of 1201199.
19, 191, 331
List the prime factors of 21453732.
2, 3, 43, 13859
What are the prime factors of 2752504?
2, 17, 37, 547
List the prime factors of 878338.
2, 643, 683
List the prime factors of 1637591.
19, 79, 1091
What are the prime factors of 1378722?
2, 3, 61, 3767
What are the prime factors of 60421?
23, 37, 71
What are the prime factors of 49960?
2, 5, 1249
What are the prime factors of 314582?
2, 157291
List the prime factors of 2929124.
2, 11, 66571
List the prime factors of 4323792.
2, 3, 11, 19, 431
List the prime factors of 495126.
2, 3, 53, 173
List the prime factors of 444078.
2, 3, 24671
List the prime factors of 1583455.
5, 316691
List the prime factors of 2001621.
3, 23, 29009
What are the prime factors of 1124403?
3, 7, 7649
What are the prime factors of 81087?
3, 151, 179
What are the prime factors of 2996153?
2996153
List the prime factors of 2496652.
2, 624163
What are the prime factors of 1674889?
1674889
What are the prime factors of 121006?
2, 17, 3559
What are the prime factors of 1859307?
3, 17, 36457
What are the prime factors of 284960?
2, 5, 13, 137
List the prime factors of 24247501.
67, 361903
What are the prime factors of 87264?
2, 3, 101
List the prime factors of 4868933.
43, 199, 569
What are the prime factors of 847539?
3, 7, 11, 1223
What are the prime factors of 130826?
2, 65413
List the prime factors of 435369.
3, 11, 79, 167
List the prime factors of 19707940.
2, 5, 7, 19, 31, 239
What are the prime factors of 7481315?
5, 587, 2549
What are the prime factors of 215280?
2, 3, 5, 13, 23
List the prime factors of 1989378.
2, 3, 79, 1399
List the prime factors of 11218263.
3, 7, 534203
What are the prime factors of 528246?
2, 3, 29347
What are the prime factors of 1237868?
2, 53, 5839
What are the prime factors of 21522760?
2, 5, 7, 79, 139
What are the prime factors of 1132325?
5, 45293
What are the prime factors of 83726?
2, 41863
List the prime factors of 1232857.
17, 47, 1543
List the prime factors of 44126.
2, 22063
List the prime factors of 10400524.
2, 19, 136849
List the prime factors of 798381.
3, 43, 2063
List the prime factors of 7762291.
7762291
List the prime factors of 1110734.
2, 59, 9413
What are the prime factors of 108804?
2, 3, 9067
List the prime factors of 1181300.
2, 5, 11813
List the prime factors of 9643575.
3, 5, 71, 1811
What are the prime factors of 5239503?
3, 582167
List the prime factors of 395809.
397, 997
What are the prime factors of 5176378?
2, 83, 31183
What are the prime factors of 3442